{"id":678,"date":"2024-11-27T13:04:33","date_gmt":"2024-11-27T13:04:33","guid":{"rendered":"https:\/\/bacaratds.com.ar\/cosechatardia\/?post_type=product&#038;p=678"},"modified":"2025-09-06T23:18:16","modified_gmt":"2025-09-06T23:18:16","slug":"blend-malbec-cabernet-francsiete-vacas-linea-reserva-bodega-las-arcas-de-tolombon","status":"publish","type":"product","link":"https:\/\/bacaratds.com.ar\/cosechatardia\/producto\/blend-malbec-cabernet-francsiete-vacas-linea-reserva-bodega-las-arcas-de-tolombon\/","title":{"rendered":"Blend Malbec\/Cabernet Franc Siete Vacas &#8211; L\u00ednea Reserva- Bodega Las Arcas de Tolomb\u00f3n"},"content":{"rendered":"<p>Composici\u00f3n varietal: Malbec &#8211; Cabernet Franc<\/p>\n<p>Procedencia: Valle Calchaqu\u00ed a 1750 msnm<\/p>\n<p>Crianza: 9 meses en roble franc\u00e9s (225 litros)<\/p>\n<p>Tiempo de estiba en botella: 9 meses.<\/p>\n<p>De color rojo intenso con tintes rub\u00edes, suaves y maduros. En nariz tiene notas de pimiento, pimienta y especies. En boca tiene buen volumen y estructura, arm\u00f3nico con buen final de taninos suaves y maduros. Acompa\u00f1ar con carnes rojas, pastas con salsas, comidas regionales, asado, carnes en general y postres de chocolate.<\/p>\n","protected":false},"excerpt":{"rendered":"<p>Composici\u00f3n varietal: Malbec &#8211; Cabernet Franc Procedencia: Valle Calchaqu\u00ed a 1750 msnm Crianza: 9 meses en roble franc\u00e9s (225 litros) Tiempo de estiba en botella: 9 meses. De color rojo intenso con tintes rub\u00edes, suaves y maduros. En nariz tiene notas de pimiento, pimienta y especies. En boca tiene buen volumen y estructura, arm\u00f3nico con&hellip;<\/p>\n","protected":false},"featured_media":1571,"comment_status":"open","ping_status":"closed","template":"","meta":[],"product_brand":[207,208],"product_cat":[57,62],"product_tag":[],"class_list":{"0":"post-678","1":"product","2":"type-product","3":"status-publish","4":"has-post-thumbnail","6":"product_brand-arcas-de-tolombon","7":"product_brand-siete-vacas","8":"product_cat-vino-reserva","9":"product_cat-vino-tinto","10":"product_shipping_class-a-coordinar-con-cliente","12":"first","13":"instock","14":"purchasable","15":"product-type-simple"},"_links":{"self":[{"href":"https:\/\/bacaratds.com.ar\/cosechatardia\/wp-json\/wp\/v2\/product\/678","targetHints":{"allow":["GET"]}}],"collection":[{"href":"https:\/\/bacaratds.com.ar\/cosechatardia\/wp-json\/wp\/v2\/product"}],"about":[{"href":"https:\/\/bacaratds.com.ar\/cosechatardia\/wp-json\/wp\/v2\/types\/product"}],"replies":[{"embeddable":true,"href":"https:\/\/bacaratds.com.ar\/cosechatardia\/wp-json\/wp\/v2\/comments?post=678"}],"wp:featuredmedia":[{"embeddable":true,"href":"https:\/\/bacaratds.com.ar\/cosechatardia\/wp-json\/wp\/v2\/media\/1571"}],"wp:attachment":[{"href":"https:\/\/bacaratds.com.ar\/cosechatardia\/wp-json\/wp\/v2\/media?parent=678"}],"wp:term":[{"taxonomy":"product_brand","embeddable":true,"href":"https:\/\/bacaratds.com.ar\/cosechatardia\/wp-json\/wp\/v2\/product_brand?post=678"},{"taxonomy":"product_cat","embeddable":true,"href":"https:\/\/bacaratds.com.ar\/cosechatardia\/wp-json\/wp\/v2\/product_cat?post=678"},{"taxonomy":"product_tag","embeddable":true,"href":"https:\/\/bacaratds.com.ar\/cosechatardia\/wp-json\/wp\/v2\/product_tag?post=678"}],"curies":[{"name":"wp","href":"https:\/\/api.w.org\/{rel}","templated":true}]}}