{"id":640,"date":"2024-11-26T22:59:55","date_gmt":"2024-11-26T22:59:55","guid":{"rendered":"https:\/\/bacaratds.com.ar\/cosechatardia\/?post_type=product&#038;p=640"},"modified":"2025-09-06T23:19:17","modified_gmt":"2025-09-06T23:19:17","slug":"torrontes-linea-origen-siete-vacas-bodega-las-arcas-de-tolombon","status":"publish","type":"product","link":"https:\/\/bacaratds.com.ar\/cosechatardia\/producto\/torrontes-linea-origen-siete-vacas-bodega-las-arcas-de-tolombon\/","title":{"rendered":"Torront\u00e9s Siete Vacas &#8211; L\u00ednea Origen &#8211; Bodega Las Arcas de Tolomb\u00f3n"},"content":{"rendered":"<p>Composici\u00f3n: 100% torront\u00e9s<\/p>\n<p>Procedencia: Valle Calchaqu\u00ed a 1750 msnm.<\/p>\n<p>De color amarillo claro con tonalidades verdosas, l\u00edmpido y brillante. En nariz es muy frutado, t\u00edpico de la regi\u00f3n, con sutiles notas de durazno blanco y c\u00edtricos. En boca es amable, fresco, con final largo y equilibrado. Acompa\u00f1ar con empanadas, pizzas, tamales, humitas, sushi, pescados de mar y mariscos.<\/p>\n","protected":false},"excerpt":{"rendered":"<p>Composici\u00f3n: 100% torront\u00e9s Procedencia: Valle Calchaqu\u00ed a 1750 msnm. De color amarillo claro con tonalidades verdosas, l\u00edmpido y brillante. En nariz es muy frutado, t\u00edpico de la regi\u00f3n, con sutiles notas de durazno blanco y c\u00edtricos. En boca es amable, fresco, con final largo y equilibrado. Acompa\u00f1ar con empanadas, pizzas, tamales, humitas, sushi, pescados de&hellip;<\/p>\n","protected":false},"featured_media":645,"comment_status":"open","ping_status":"closed","template":"","meta":[],"product_brand":[207,208],"product_cat":[61,70],"product_tag":[],"class_list":{"0":"post-640","1":"product","2":"type-product","3":"status-publish","4":"has-post-thumbnail","6":"product_brand-arcas-de-tolombon","7":"product_brand-siete-vacas","8":"product_cat-vino-blanco","9":"product_cat-vino-blanco-joven","10":"product_shipping_class-a-coordinar-con-cliente","12":"first","13":"instock","14":"purchasable","15":"product-type-simple"},"_links":{"self":[{"href":"https:\/\/bacaratds.com.ar\/cosechatardia\/wp-json\/wp\/v2\/product\/640","targetHints":{"allow":["GET"]}}],"collection":[{"href":"https:\/\/bacaratds.com.ar\/cosechatardia\/wp-json\/wp\/v2\/product"}],"about":[{"href":"https:\/\/bacaratds.com.ar\/cosechatardia\/wp-json\/wp\/v2\/types\/product"}],"replies":[{"embeddable":true,"href":"https:\/\/bacaratds.com.ar\/cosechatardia\/wp-json\/wp\/v2\/comments?post=640"}],"wp:featuredmedia":[{"embeddable":true,"href":"https:\/\/bacaratds.com.ar\/cosechatardia\/wp-json\/wp\/v2\/media\/645"}],"wp:attachment":[{"href":"https:\/\/bacaratds.com.ar\/cosechatardia\/wp-json\/wp\/v2\/media?parent=640"}],"wp:term":[{"taxonomy":"product_brand","embeddable":true,"href":"https:\/\/bacaratds.com.ar\/cosechatardia\/wp-json\/wp\/v2\/product_brand?post=640"},{"taxonomy":"product_cat","embeddable":true,"href":"https:\/\/bacaratds.com.ar\/cosechatardia\/wp-json\/wp\/v2\/product_cat?post=640"},{"taxonomy":"product_tag","embeddable":true,"href":"https:\/\/bacaratds.com.ar\/cosechatardia\/wp-json\/wp\/v2\/product_tag?post=640"}],"curies":[{"name":"wp","href":"https:\/\/api.w.org\/{rel}","templated":true}]}}