{"id":606,"date":"2024-11-25T20:55:23","date_gmt":"2024-11-25T20:55:23","guid":{"rendered":"https:\/\/bacaratds.com.ar\/cosechatardia\/?post_type=product&#038;p=606"},"modified":"2025-09-06T23:23:57","modified_gmt":"2025-09-06T23:23:57","slug":"torrontes-jose-luis-mounier-linea-reserva-el-divisadero-cafayate-salta","status":"publish","type":"product","link":"https:\/\/bacaratds.com.ar\/cosechatardia\/producto\/torrontes-jose-luis-mounier-linea-reserva-el-divisadero-cafayate-salta\/","title":{"rendered":"Torront\u00e9s Jos\u00e9 Luis Mounier &#8211; L\u00ednea Reserva &#8211; El Divisadero &#8211; Cafayate &#8211; Salta"},"content":{"rendered":"<p>Varietal: 100% torront\u00e9s<\/p>\n<p>Este vino ha sido elaborado con uvas sanas y maduras del Alto Valle de Cafayate a 1850 msnm, terroir donde alcanza una gran tipicidad y expresi\u00f3n varietal.<\/p>\n<p>Vinificaci\u00f3n y crianza: fermentaci\u00f3n en tanques de acero inoxidable a temperatura controlada para preservar los aromas varietales.<\/p>\n<p>Notas de cata: aromas intensos a flores blancas y frutas tropicales como maracuy\u00e1 y mango. En boca es fresco y frutado, con buena acidez\u00a0 y un final persistente.<\/p>\n","protected":false},"excerpt":{"rendered":"<p>Varietal: 100% torront\u00e9s Este vino ha sido elaborado con uvas sanas y maduras del Alto Valle de Cafayate a 1850 msnm, terroir donde alcanza una gran tipicidad y expresi\u00f3n varietal. Vinificaci\u00f3n y crianza: fermentaci\u00f3n en tanques de acero inoxidable a temperatura controlada para preservar los aromas varietales. Notas de cata: aromas intensos a flores blancas&hellip;<\/p>\n","protected":false},"featured_media":1533,"comment_status":"open","ping_status":"closed","template":"","meta":[],"product_brand":[203],"product_cat":[61,72],"product_tag":[],"class_list":{"0":"post-606","1":"product","2":"type-product","3":"status-publish","4":"has-post-thumbnail","6":"product_brand-jose-luis-mounier","7":"product_cat-vino-blanco","8":"product_cat-vino-blanco-con-fermentacion-en-barricas","9":"product_shipping_class-a-coordinar-con-cliente","11":"first","12":"instock","13":"purchasable","14":"product-type-simple"},"_links":{"self":[{"href":"https:\/\/bacaratds.com.ar\/cosechatardia\/wp-json\/wp\/v2\/product\/606","targetHints":{"allow":["GET"]}}],"collection":[{"href":"https:\/\/bacaratds.com.ar\/cosechatardia\/wp-json\/wp\/v2\/product"}],"about":[{"href":"https:\/\/bacaratds.com.ar\/cosechatardia\/wp-json\/wp\/v2\/types\/product"}],"replies":[{"embeddable":true,"href":"https:\/\/bacaratds.com.ar\/cosechatardia\/wp-json\/wp\/v2\/comments?post=606"}],"wp:featuredmedia":[{"embeddable":true,"href":"https:\/\/bacaratds.com.ar\/cosechatardia\/wp-json\/wp\/v2\/media\/1533"}],"wp:attachment":[{"href":"https:\/\/bacaratds.com.ar\/cosechatardia\/wp-json\/wp\/v2\/media?parent=606"}],"wp:term":[{"taxonomy":"product_brand","embeddable":true,"href":"https:\/\/bacaratds.com.ar\/cosechatardia\/wp-json\/wp\/v2\/product_brand?post=606"},{"taxonomy":"product_cat","embeddable":true,"href":"https:\/\/bacaratds.com.ar\/cosechatardia\/wp-json\/wp\/v2\/product_cat?post=606"},{"taxonomy":"product_tag","embeddable":true,"href":"https:\/\/bacaratds.com.ar\/cosechatardia\/wp-json\/wp\/v2\/product_tag?post=606"}],"curies":[{"name":"wp","href":"https:\/\/api.w.org\/{rel}","templated":true}]}}