{"id":578,"date":"2024-11-25T13:29:42","date_gmt":"2024-11-25T13:29:42","guid":{"rendered":"https:\/\/bacaratds.com.ar\/cosechatardia\/?post_type=product&#038;p=578"},"modified":"2026-02-12T22:31:54","modified_gmt":"2026-02-12T22:31:54","slug":"espumante-dulce-natural-torrontes-bodega-siete-fincas","status":"publish","type":"product","link":"https:\/\/bacaratds.com.ar\/cosechatardia\/producto\/espumante-dulce-natural-torrontes-bodega-siete-fincas\/","title":{"rendered":"Espumante Dulce Natural Torront\u00e9s &#8211; Bodega Siete Fincas"},"content":{"rendered":"<p>El conocimiento y la pasi\u00f3n de quienes saben aunar las t\u00e9cnicas de vanguardia con la mejor tradici\u00f3n artesanal dan origen a este excelente dulce natural, 100% torront\u00e9s, elaborado a trav\u00e9s de un paciente proceso de fermentaci\u00f3n natural, con una cuidadosa selecci\u00f3n de uvas de antiguas fincas de la primera zona de Mendoza. Su gran expresi\u00f3n arom\u00e1tica destaca notas de rosa, anan\u00e1 y manzana. Ideal para acompa\u00f1ar quesos, fiambres y pescados.<\/p>\n<p>Az\u00facar total: 66 g\/l<\/p>\n","protected":false},"excerpt":{"rendered":"<p>El conocimiento y la pasi\u00f3n de quienes saben aunar las t\u00e9cnicas de vanguardia con la mejor tradici\u00f3n artesanal dan origen a este excelente dulce natural, 100% torront\u00e9s, elaborado a trav\u00e9s de un paciente proceso de fermentaci\u00f3n natural, con una cuidadosa selecci\u00f3n de uvas de antiguas fincas de la primera zona de Mendoza. Su gran expresi\u00f3n&hellip;<\/p>\n","protected":false},"featured_media":1467,"comment_status":"open","ping_status":"closed","template":"","meta":[],"product_brand":[197],"product_cat":[79,85,87],"product_tag":[],"class_list":{"0":"post-578","1":"product","2":"type-product","3":"status-publish","4":"has-post-thumbnail","6":"product_brand-siete-fincas","7":"product_cat-vino-espumante","8":"product_cat-vino-espumante-dulce","9":"product_cat-vino-espumante-metodo-charmat","10":"product_shipping_class-a-coordinar-con-cliente","12":"first","13":"instock","14":"purchasable","15":"product-type-simple"},"_links":{"self":[{"href":"https:\/\/bacaratds.com.ar\/cosechatardia\/wp-json\/wp\/v2\/product\/578","targetHints":{"allow":["GET"]}}],"collection":[{"href":"https:\/\/bacaratds.com.ar\/cosechatardia\/wp-json\/wp\/v2\/product"}],"about":[{"href":"https:\/\/bacaratds.com.ar\/cosechatardia\/wp-json\/wp\/v2\/types\/product"}],"replies":[{"embeddable":true,"href":"https:\/\/bacaratds.com.ar\/cosechatardia\/wp-json\/wp\/v2\/comments?post=578"}],"wp:featuredmedia":[{"embeddable":true,"href":"https:\/\/bacaratds.com.ar\/cosechatardia\/wp-json\/wp\/v2\/media\/1467"}],"wp:attachment":[{"href":"https:\/\/bacaratds.com.ar\/cosechatardia\/wp-json\/wp\/v2\/media?parent=578"}],"wp:term":[{"taxonomy":"product_brand","embeddable":true,"href":"https:\/\/bacaratds.com.ar\/cosechatardia\/wp-json\/wp\/v2\/product_brand?post=578"},{"taxonomy":"product_cat","embeddable":true,"href":"https:\/\/bacaratds.com.ar\/cosechatardia\/wp-json\/wp\/v2\/product_cat?post=578"},{"taxonomy":"product_tag","embeddable":true,"href":"https:\/\/bacaratds.com.ar\/cosechatardia\/wp-json\/wp\/v2\/product_tag?post=578"}],"curies":[{"name":"wp","href":"https:\/\/api.w.org\/{rel}","templated":true}]}}