{"id":531,"date":"2024-11-23T23:38:27","date_gmt":"2024-11-23T23:38:27","guid":{"rendered":"https:\/\/bacaratds.com.ar\/cosechatardia\/?post_type=product&#038;p=531"},"modified":"2025-11-06T23:46:19","modified_gmt":"2025-11-06T23:46:19","slug":"espumante-extra-brut-premium-metodo-champegnoise-miguel-minni","status":"publish","type":"product","link":"https:\/\/bacaratds.com.ar\/cosechatardia\/producto\/espumante-extra-brut-premium-metodo-champegnoise-miguel-minni\/","title":{"rendered":"Espumante Extra Brut Premium M\u00e9todo Champegnoise &#8211; Miguel Minni"},"content":{"rendered":"<p><strong>Varietal:\u00a0<\/strong>Chardonnay<\/p>\n<p class=\"western\"><strong>Categor\u00eda:<\/strong>\u00a0Vino espumante \u2013 M\u00e9todo Tradicional<\/p>\n<p class=\"western\"><strong>Ubicaci\u00f3n del Vi\u00f1edo<\/strong><\/p>\n<ul>\n<li class=\"western\">Provincia: Mendoza<\/li>\n<li class=\"western\">Departamento: San Mart\u00edn y Luj\u00e1n de Cuyo<\/li>\n<li class=\"western\">Edad del Vi\u00f1edo: 25 a\u00f1os<\/li>\n<\/ul>\n<p class=\"western\"><strong>Notas de Cata<\/strong><\/p>\n<p class=\"western\"><em>Vista<\/em>: Amarillo verdoso, con dejos dorados, muy buena calidad de espuma y persistencia de burbuja.<br \/>\n<em>Nariz<\/em>: Delicado aroma a pan tostado, avellanas y levaduras buena intensidad y persistencia.<br \/>\n<em>Boca<\/em>: Duraznos blancos, manzana, avellanas, excepcional equilibrio.<\/p>\n<p class=\"western\"><strong>Se recomienda beber de 4\u00ba a 6\u00ba C.<\/strong><\/p>\n","protected":false},"excerpt":{"rendered":"<p>Varietal:\u00a0Chardonnay Categor\u00eda:\u00a0Vino espumante \u2013 M\u00e9todo Tradicional Ubicaci\u00f3n del Vi\u00f1edo Provincia: Mendoza Departamento: San Mart\u00edn y Luj\u00e1n de Cuyo Edad del Vi\u00f1edo: 25 a\u00f1os Notas de Cata Vista: Amarillo verdoso, con dejos dorados, muy buena calidad de espuma y persistencia de burbuja. Nariz: Delicado aroma a pan tostado, avellanas y levaduras buena intensidad y persistencia. Boca:&hellip;<\/p>\n","protected":false},"featured_media":525,"comment_status":"open","ping_status":"closed","template":"","meta":[],"product_brand":[195],"product_cat":[79,82,88],"product_tag":[],"class_list":{"0":"post-531","1":"product","2":"type-product","3":"status-publish","4":"has-post-thumbnail","6":"product_brand-miguel-minni","7":"product_cat-vino-espumante","8":"product_cat-vino-espumante-extra-brut","9":"product_cat-vino-espumante-metodo-champegnoise","10":"product_shipping_class-a-coordinar-con-cliente","12":"first","13":"instock","14":"purchasable","15":"product-type-simple"},"_links":{"self":[{"href":"https:\/\/bacaratds.com.ar\/cosechatardia\/wp-json\/wp\/v2\/product\/531","targetHints":{"allow":["GET"]}}],"collection":[{"href":"https:\/\/bacaratds.com.ar\/cosechatardia\/wp-json\/wp\/v2\/product"}],"about":[{"href":"https:\/\/bacaratds.com.ar\/cosechatardia\/wp-json\/wp\/v2\/types\/product"}],"replies":[{"embeddable":true,"href":"https:\/\/bacaratds.com.ar\/cosechatardia\/wp-json\/wp\/v2\/comments?post=531"}],"wp:featuredmedia":[{"embeddable":true,"href":"https:\/\/bacaratds.com.ar\/cosechatardia\/wp-json\/wp\/v2\/media\/525"}],"wp:attachment":[{"href":"https:\/\/bacaratds.com.ar\/cosechatardia\/wp-json\/wp\/v2\/media?parent=531"}],"wp:term":[{"taxonomy":"product_brand","embeddable":true,"href":"https:\/\/bacaratds.com.ar\/cosechatardia\/wp-json\/wp\/v2\/product_brand?post=531"},{"taxonomy":"product_cat","embeddable":true,"href":"https:\/\/bacaratds.com.ar\/cosechatardia\/wp-json\/wp\/v2\/product_cat?post=531"},{"taxonomy":"product_tag","embeddable":true,"href":"https:\/\/bacaratds.com.ar\/cosechatardia\/wp-json\/wp\/v2\/product_tag?post=531"}],"curies":[{"name":"wp","href":"https:\/\/api.w.org\/{rel}","templated":true}]}}