{"id":1576,"date":"2025-03-28T23:50:10","date_gmt":"2025-03-28T23:50:10","guid":{"rendered":"https:\/\/bacaratds.com.ar\/cosechatardia\/?post_type=product&#038;p=1576"},"modified":"2025-09-04T23:16:55","modified_gmt":"2025-09-04T23:16:55","slug":"espumante-rosado-siete-vacas-bodega-las-arcas-de-tolombon","status":"publish","type":"product","link":"https:\/\/bacaratds.com.ar\/cosechatardia\/producto\/espumante-rosado-siete-vacas-bodega-las-arcas-de-tolombon\/","title":{"rendered":"Espumante rosado extra brut Siete Vacas Bodega Las Arcas de Tolomb\u00f3n"},"content":{"rendered":"<p>Variedad: 100% malbec<\/p>\n<p>Procedencia: Luj\u00e1n de Cuyo, Mendoza.<\/p>\n<p>Fermentaci\u00f3n: Base espumante: 16\u00b0C por 15 d\u00edas. Segunda fermentaci\u00f3n por m\u00e9todo Charmat.<\/p>\n<p>Az\u00facar residual: 8 grs\/l<\/p>\n<p>Nota de Cata: espumante Blanc de Noir, elaborado con uvas malbec\u00a0 con el m\u00e9todo Charmat lungo.<\/p>\n<p>El vino, luego de la toma de espuma, permaneci\u00f3 6 meses en contacto con las l\u00edas para lograr buena estructura y complejidad, tanto en nariz como en boca.<\/p>\n<p>El color rosado muy tenue se debe a que el mosto estuvo pocas horas en contacto con las pieles. En la copa, las burbujas son peque\u00f1as y firmes.<\/p>\n<p>En la nariz encontramos aromas frutados t\u00edpicos de la variedad, como guinda y cereza; junto con leves notas a panificados.<\/p>\n<p>En la boca es suave, con una excelente acidez y buen cuerpo. La burbuja destaca la frescura por su persistencia.<\/p>\n<p>Sugerencias: ideal para comenzar una comida, acompa\u00f1ando entradas de fiambres y quesos de pasta blanda; tartas frescas y ensaladas con palta, salm\u00f3n, at\u00fan y verduras frescas. Combina muy bien con arroces y pastas con salsas suaves y cremosas.<\/p>\n","protected":false},"excerpt":{"rendered":"<p>Variedad: 100% malbec Procedencia: Luj\u00e1n de Cuyo, Mendoza. Fermentaci\u00f3n: Base espumante: 16\u00b0C por 15 d\u00edas. Segunda fermentaci\u00f3n por m\u00e9todo Charmat. Az\u00facar residual: 8 grs\/l Nota de Cata: espumante Blanc de Noir, elaborado con uvas malbec\u00a0 con el m\u00e9todo Charmat lungo. El vino, luego de la toma de espuma, permaneci\u00f3 6 meses en contacto con las&hellip;<\/p>\n","protected":false},"featured_media":1577,"comment_status":"open","ping_status":"closed","template":"","meta":[],"product_brand":[207,208],"product_cat":[79,82,87],"product_tag":[],"class_list":{"0":"post-1576","1":"product","2":"type-product","3":"status-publish","4":"has-post-thumbnail","6":"product_brand-arcas-de-tolombon","7":"product_brand-siete-vacas","8":"product_cat-vino-espumante","9":"product_cat-vino-espumante-extra-brut","10":"product_cat-vino-espumante-metodo-charmat","11":"product_shipping_class-a-coordinar-con-cliente","13":"first","14":"instock","15":"taxable","16":"shipping-taxable","17":"purchasable","18":"product-type-simple"},"_links":{"self":[{"href":"https:\/\/bacaratds.com.ar\/cosechatardia\/wp-json\/wp\/v2\/product\/1576","targetHints":{"allow":["GET"]}}],"collection":[{"href":"https:\/\/bacaratds.com.ar\/cosechatardia\/wp-json\/wp\/v2\/product"}],"about":[{"href":"https:\/\/bacaratds.com.ar\/cosechatardia\/wp-json\/wp\/v2\/types\/product"}],"replies":[{"embeddable":true,"href":"https:\/\/bacaratds.com.ar\/cosechatardia\/wp-json\/wp\/v2\/comments?post=1576"}],"wp:featuredmedia":[{"embeddable":true,"href":"https:\/\/bacaratds.com.ar\/cosechatardia\/wp-json\/wp\/v2\/media\/1577"}],"wp:attachment":[{"href":"https:\/\/bacaratds.com.ar\/cosechatardia\/wp-json\/wp\/v2\/media?parent=1576"}],"wp:term":[{"taxonomy":"product_brand","embeddable":true,"href":"https:\/\/bacaratds.com.ar\/cosechatardia\/wp-json\/wp\/v2\/product_brand?post=1576"},{"taxonomy":"product_cat","embeddable":true,"href":"https:\/\/bacaratds.com.ar\/cosechatardia\/wp-json\/wp\/v2\/product_cat?post=1576"},{"taxonomy":"product_tag","embeddable":true,"href":"https:\/\/bacaratds.com.ar\/cosechatardia\/wp-json\/wp\/v2\/product_tag?post=1576"}],"curies":[{"name":"wp","href":"https:\/\/api.w.org\/{rel}","templated":true}]}}