{"id":1429,"date":"2025-03-17T22:25:00","date_gmt":"2025-03-17T22:25:00","guid":{"rendered":"https:\/\/bacaratds.com.ar\/cosechatardia\/?post_type=product&#038;p=1429"},"modified":"2025-09-04T23:18:52","modified_gmt":"2025-09-04T23:18:52","slug":"malbec-varietal-marcelo-bocardo","status":"publish","type":"product","link":"https:\/\/bacaratds.com.ar\/cosechatardia\/producto\/malbec-varietal-marcelo-bocardo\/","title":{"rendered":"Malbec Varietal Marcelo Bocardo"},"content":{"rendered":"<p>Varietal: 100% malbec.<\/p>\n<p>Origen: Maip\u00fa (800 msnm), Mendoza.<\/p>\n<p>Edad de los vi\u00f1edos: 10 a\u00f1os.<\/p>\n<p>Sin roble, cultivado de forma sostenible y org\u00e1nico certificado.<br \/>\nJugoso, fresco y suave en nariz. Con aromas a bayas rojas brillantes, que llevan al paladar con audacia a unas suculentas bayas oscuras y un sabor a chocolate se mantiene fresco y asertivo.<\/p>\n","protected":false},"excerpt":{"rendered":"<p>Varietal: 100% malbec. Origen: Maip\u00fa (800 msnm), Mendoza. Edad de los vi\u00f1edos: 10 a\u00f1os. Sin roble, cultivado de forma sostenible y org\u00e1nico certificado. Jugoso, fresco y suave en nariz. Con aromas a bayas rojas brillantes, que llevan al paladar con audacia a unas suculentas bayas oscuras y un sabor a chocolate se mantiene fresco y&hellip;<\/p>\n","protected":false},"featured_media":1430,"comment_status":"open","ping_status":"closed","template":"","meta":[],"product_brand":[194,147],"product_cat":[63,62],"product_tag":[],"class_list":{"0":"post-1429","1":"product","2":"type-product","3":"status-publish","4":"has-post-thumbnail","6":"product_brand-marcelo-bocardo","7":"product_brand-proemio-wines","8":"product_cat-vino-joven","9":"product_cat-vino-tinto","10":"product_shipping_class-a-coordinar-con-cliente","12":"first","13":"instock","14":"featured","15":"taxable","16":"shipping-taxable","17":"purchasable","18":"product-type-simple"},"_links":{"self":[{"href":"https:\/\/bacaratds.com.ar\/cosechatardia\/wp-json\/wp\/v2\/product\/1429","targetHints":{"allow":["GET"]}}],"collection":[{"href":"https:\/\/bacaratds.com.ar\/cosechatardia\/wp-json\/wp\/v2\/product"}],"about":[{"href":"https:\/\/bacaratds.com.ar\/cosechatardia\/wp-json\/wp\/v2\/types\/product"}],"replies":[{"embeddable":true,"href":"https:\/\/bacaratds.com.ar\/cosechatardia\/wp-json\/wp\/v2\/comments?post=1429"}],"wp:featuredmedia":[{"embeddable":true,"href":"https:\/\/bacaratds.com.ar\/cosechatardia\/wp-json\/wp\/v2\/media\/1430"}],"wp:attachment":[{"href":"https:\/\/bacaratds.com.ar\/cosechatardia\/wp-json\/wp\/v2\/media?parent=1429"}],"wp:term":[{"taxonomy":"product_brand","embeddable":true,"href":"https:\/\/bacaratds.com.ar\/cosechatardia\/wp-json\/wp\/v2\/product_brand?post=1429"},{"taxonomy":"product_cat","embeddable":true,"href":"https:\/\/bacaratds.com.ar\/cosechatardia\/wp-json\/wp\/v2\/product_cat?post=1429"},{"taxonomy":"product_tag","embeddable":true,"href":"https:\/\/bacaratds.com.ar\/cosechatardia\/wp-json\/wp\/v2\/product_tag?post=1429"}],"curies":[{"name":"wp","href":"https:\/\/api.w.org\/{rel}","templated":true}]}}