{"id":1374,"date":"2025-03-11T20:22:37","date_gmt":"2025-03-11T20:22:37","guid":{"rendered":"https:\/\/bacaratds.com.ar\/cosechatardia\/?post_type=product&#038;p=1374"},"modified":"2026-02-21T00:29:25","modified_gmt":"2026-02-21T00:29:25","slug":"malbec-petit-verdot-teia-bodega-lagarde","status":"publish","type":"product","link":"https:\/\/bacaratds.com.ar\/cosechatardia\/producto\/malbec-petit-verdot-teia-bodega-lagarde\/","title":{"rendered":"Malbec Petit Verdot Teia Bodega Lagarde"},"content":{"rendered":"<div class=\"winerow\">\n<div class=\"wrt\">Composici\u00f3n Varietal: 85% Malbec &#8211; 15% Petit Verdot<\/div>\n<\/div>\n<div class=\"winerow\">\n<div class=\"wrt\">Vi\u00f1edos: Agrelo, Luj\u00e1n de Cuyo \u2013 Mendoza. Plantados en: 2006 y 2007. Altitud: 980 msnm.<\/div>\n<\/div>\n<div class=\"winerow\">\n<div class=\"wrt\">Estructura del vi\u00f1edo\/rendimiento: Espaldero Alto. Riego por goteo. Poda cord\u00f3n con pitones. Rendimientos promedio: 90-100 qq\/ha.<\/div>\n<\/div>\n<div class=\"winerow\">\n<div class=\"wrt\">Fermentaci\u00f3n: La fermentaci\u00f3n se produjo en tanques de acero inoxidable con remontajes diarios, a una temperatura controlada por debajo de 30\u00b0. La maceraci\u00f3n dur\u00f3 alrededor de 20 d\u00edas, periodo durante el cual el equipo enol\u00f3gico realiz\u00f3 degustaciones diarias. La fermentaci\u00f3n malol\u00e1ctica se produjo espont\u00e1neamente. Se utilizaron levaduras ind\u00edgenas.<\/div>\n<\/div>\n<div class=\"winerow\">\n<div class=\"wrt\">A\u00f1ejamiento: Sin paso por madera<\/div>\n<\/div>\n<div class=\"winerow\">\n<div class=\"wrt\">Guarda en Botella: Hasta 5 a\u00f1os desde la cosecha.<\/div>\n<\/div>\n<div class=\"winerow\">\n<table width=\"560\">\n<tbody>\n<tr>\n<td width=\"280\">ALCOHOL 13,9%%<\/td>\n<td width=\"280\">ACIDEZ TOTAL 4,6% g\/l<\/td>\n<\/tr>\n<tr>\n<td width=\"280\">AZ\u00daCAR RESIDUAL 2,3%<\/td>\n<td width=\"280\">PRODUCCI\u00d3N<\/td>\n<\/tr>\n<\/tbody>\n<\/table>\n<\/div>\n<div class=\"winerow\">\n<div class=\"wrt\">Notas de Cata<\/div>\n<div>COLOR: Rojo azulado brillante e intenso<\/div>\n<div>AROMA: Nariz viva en la que se destaca fruta roja madura. Recuerda a la guinda y a mermeladas caseras. Hay notas mentoladas.<\/div>\n<div>SABOR: En boca explota la deliciosa fruta del Malbec y se percibe una suave estructura aportada por el Petit Verdot. Es jugoso con una untuosidad persistente. Marcado equilibrio con cuerpo redondo y armonioso.<\/div>\n<\/div>\n<div class=\"winerow\">\n<div class=\"wrt\">Maridaje Sugerido: Perfecto para acompa\u00f1ar una hamburguesa de carne bien condimentada, ojo de bife con papas fritas o pastas con salsa de hongos.La mejor elecci\u00f3n para beber luego de una clase de yoga o mientras disfrut\u00e1s de tu serie favorita.<\/div>\n<\/div>\n","protected":false},"excerpt":{"rendered":"<p>Composici\u00f3n Varietal: 85% Malbec &#8211; 15% Petit Verdot Vi\u00f1edos: Agrelo, Luj\u00e1n de Cuyo \u2013 Mendoza. Plantados en: 2006 y 2007. Altitud: 980 msnm. Estructura del vi\u00f1edo\/rendimiento: Espaldero Alto. Riego por goteo. Poda cord\u00f3n con pitones. Rendimientos promedio: 90-100 qq\/ha. Fermentaci\u00f3n: La fermentaci\u00f3n se produjo en tanques de acero inoxidable con remontajes diarios, a una temperatura&hellip;<\/p>\n","protected":false},"featured_media":1375,"comment_status":"open","ping_status":"closed","template":"","meta":[],"product_brand":[108],"product_cat":[63,62],"product_tag":[],"class_list":{"0":"post-1374","1":"product","2":"type-product","3":"status-publish","4":"has-post-thumbnail","6":"product_brand-bodega-lagarde","7":"product_cat-vino-joven","8":"product_cat-vino-tinto","9":"product_shipping_class-a-coordinar-con-cliente","11":"first","12":"instock","13":"purchasable","14":"product-type-simple"},"_links":{"self":[{"href":"https:\/\/bacaratds.com.ar\/cosechatardia\/wp-json\/wp\/v2\/product\/1374","targetHints":{"allow":["GET"]}}],"collection":[{"href":"https:\/\/bacaratds.com.ar\/cosechatardia\/wp-json\/wp\/v2\/product"}],"about":[{"href":"https:\/\/bacaratds.com.ar\/cosechatardia\/wp-json\/wp\/v2\/types\/product"}],"replies":[{"embeddable":true,"href":"https:\/\/bacaratds.com.ar\/cosechatardia\/wp-json\/wp\/v2\/comments?post=1374"}],"wp:featuredmedia":[{"embeddable":true,"href":"https:\/\/bacaratds.com.ar\/cosechatardia\/wp-json\/wp\/v2\/media\/1375"}],"wp:attachment":[{"href":"https:\/\/bacaratds.com.ar\/cosechatardia\/wp-json\/wp\/v2\/media?parent=1374"}],"wp:term":[{"taxonomy":"product_brand","embeddable":true,"href":"https:\/\/bacaratds.com.ar\/cosechatardia\/wp-json\/wp\/v2\/product_brand?post=1374"},{"taxonomy":"product_cat","embeddable":true,"href":"https:\/\/bacaratds.com.ar\/cosechatardia\/wp-json\/wp\/v2\/product_cat?post=1374"},{"taxonomy":"product_tag","embeddable":true,"href":"https:\/\/bacaratds.com.ar\/cosechatardia\/wp-json\/wp\/v2\/product_tag?post=1374"}],"curies":[{"name":"wp","href":"https:\/\/api.w.org\/{rel}","templated":true}]}}