{"id":1370,"date":"2025-03-11T20:10:32","date_gmt":"2025-03-11T20:10:32","guid":{"rendered":"https:\/\/bacaratds.com.ar\/cosechatardia\/?post_type=product&#038;p=1370"},"modified":"2026-02-21T00:29:40","modified_gmt":"2026-02-21T00:29:40","slug":"viognier-bodega-lagarde","status":"publish","type":"product","link":"https:\/\/bacaratds.com.ar\/cosechatardia\/producto\/viognier-bodega-lagarde\/","title":{"rendered":"Viognier Bodega Lagarde"},"content":{"rendered":"<div class=\"winerow\">\n<div class=\"wrt\">Composici\u00f3n Varietal: 100% Viognier.<\/div>\n<\/div>\n<div class=\"winerow\">\n<div class=\"wrt\">Vi\u00f1edos: Perdriel, Luj\u00e1n de Cuyo \u2013 Mendoza. Plantado en 1993 (primer vi\u00f1edo de este varietal plantado en Sudam\u00e9rica). Altitud 980 msnm.<\/div>\n<\/div>\n<div class=\"winerow\">\n<div class=\"wrt\">Estructura del vi\u00f1edo\/rendimiento: Espaldero Alto. Riego por goteo. Poda cord\u00f3n con pitones. Rendimientos promedio: 90-100 qq\/ha.<\/div>\n<\/div>\n<div class=\"winerow\">\n<div class=\"wrt\">Fermentaci\u00f3n: Tradicional a baja temperatura con desborre previo. En tanques de acero inoxidable, con levaduras seleccionadas, con control de temperatura por debajo de 16\u00b0C. Sin fermentaci\u00f3n malol\u00e1ctica.<\/div>\n<\/div>\n<div class=\"winerow\">\n<div class=\"wrt\">A\u00f1ejamiento: Sin contacto con madera.<\/div>\n<\/div>\n<div class=\"winerow\">\n<div class=\"wrt\">Guarda en Botella: Hasta 5 a\u00f1os desde el a\u00f1o de cosecha<\/div>\n<\/div>\n<div class=\"winerow\">\n<table width=\"560\">\n<tbody>\n<tr>\n<td width=\"280\">ALCOHOL 12.5%<\/td>\n<td width=\"280\">ACIDEZ TOTAL 6.9 g\/l<\/td>\n<\/tr>\n<tr>\n<td width=\"280\">AZ\u00daCAR RESIDUAL 1<\/td>\n<td width=\"280\">PRODUCCI\u00d3N<\/td>\n<\/tr>\n<\/tbody>\n<\/table>\n<\/div>\n<div class=\"winerow\">\n<div class=\"wrt\">Notas de Cata<\/div>\n<div>COLOR: amarillo con reflejos verde dorados.<\/div>\n<div>AROMA: a flores y frutos tropicales. Algunas notas especiadas, canela y tilo.<\/div>\n<div>SABOR: es fresco, persistente y vibrante.<\/div>\n<\/div>\n<div class=\"winerow\">\n<div class=\"wrt\">Maridaje Sugerido: Ideal para acompa\u00f1ar platos orientales o carnes blancas.<\/div>\n<\/div>\n","protected":false},"excerpt":{"rendered":"<p>Composici\u00f3n Varietal: 100% Viognier. Vi\u00f1edos: Perdriel, Luj\u00e1n de Cuyo \u2013 Mendoza. Plantado en 1993 (primer vi\u00f1edo de este varietal plantado en Sudam\u00e9rica). Altitud 980 msnm. Estructura del vi\u00f1edo\/rendimiento: Espaldero Alto. Riego por goteo. Poda cord\u00f3n con pitones. Rendimientos promedio: 90-100 qq\/ha. Fermentaci\u00f3n: Tradicional a baja temperatura con desborre previo. En tanques de acero inoxidable, con&hellip;<\/p>\n","protected":false},"featured_media":1371,"comment_status":"open","ping_status":"closed","template":"","meta":[],"product_brand":[108],"product_cat":[61,70],"product_tag":[],"class_list":{"0":"post-1370","1":"product","2":"type-product","3":"status-publish","4":"has-post-thumbnail","6":"product_brand-bodega-lagarde","7":"product_cat-vino-blanco","8":"product_cat-vino-blanco-joven","9":"product_shipping_class-a-coordinar-con-cliente","11":"first","12":"instock","13":"purchasable","14":"product-type-simple"},"_links":{"self":[{"href":"https:\/\/bacaratds.com.ar\/cosechatardia\/wp-json\/wp\/v2\/product\/1370","targetHints":{"allow":["GET"]}}],"collection":[{"href":"https:\/\/bacaratds.com.ar\/cosechatardia\/wp-json\/wp\/v2\/product"}],"about":[{"href":"https:\/\/bacaratds.com.ar\/cosechatardia\/wp-json\/wp\/v2\/types\/product"}],"replies":[{"embeddable":true,"href":"https:\/\/bacaratds.com.ar\/cosechatardia\/wp-json\/wp\/v2\/comments?post=1370"}],"wp:featuredmedia":[{"embeddable":true,"href":"https:\/\/bacaratds.com.ar\/cosechatardia\/wp-json\/wp\/v2\/media\/1371"}],"wp:attachment":[{"href":"https:\/\/bacaratds.com.ar\/cosechatardia\/wp-json\/wp\/v2\/media?parent=1370"}],"wp:term":[{"taxonomy":"product_brand","embeddable":true,"href":"https:\/\/bacaratds.com.ar\/cosechatardia\/wp-json\/wp\/v2\/product_brand?post=1370"},{"taxonomy":"product_cat","embeddable":true,"href":"https:\/\/bacaratds.com.ar\/cosechatardia\/wp-json\/wp\/v2\/product_cat?post=1370"},{"taxonomy":"product_tag","embeddable":true,"href":"https:\/\/bacaratds.com.ar\/cosechatardia\/wp-json\/wp\/v2\/product_tag?post=1370"}],"curies":[{"name":"wp","href":"https:\/\/api.w.org\/{rel}","templated":true}]}}