{"id":1321,"date":"2025-02-26T19:42:38","date_gmt":"2025-02-26T19:42:38","guid":{"rendered":"https:\/\/bacaratds.com.ar\/cosechatardia\/?post_type=product&#038;p=1321"},"modified":"2025-09-05T22:26:34","modified_gmt":"2025-09-05T22:26:34","slug":"torrontes-sauvignon-blanc-yeta-bodega-domingo-molina","status":"publish","type":"product","link":"https:\/\/bacaratds.com.ar\/cosechatardia\/producto\/torrontes-sauvignon-blanc-yeta-bodega-domingo-molina\/","title":{"rendered":"Torront\u00e9s Sauvignon Blanc Yeta Bodega Domingo Molina"},"content":{"rendered":"<p>\u00abContra todo prejuicio, la Yeta puede ser la causa para grandes descubrimientos, como este vino \u00fanico que no se repetir\u00e1 jam\u00e1s\u00bb<\/p>\n<p>Composici\u00f3n varietal: Torront\u00e9s 93% &#8211; Sauvignon Blanc 7%<\/p>\n<p>Vi\u00f1edo: Valle de Cafayate, Salta<\/p>\n<p>Elaboraci\u00f3n: Fermentaci\u00f3n en tanque de acero inoxidable con levaduras seleccionadas. Sin fermentaci\u00f3n malol\u00e1ctica.<\/p>\n<p>Crianza en madera: No<\/p>\n<p>Cosecha 2022 &#8211; 1940 botellas<\/p>\n","protected":false},"excerpt":{"rendered":"<p>\u00abContra todo prejuicio, la Yeta puede ser la causa para grandes descubrimientos, como este vino \u00fanico que no se repetir\u00e1 jam\u00e1s\u00bb Composici\u00f3n varietal: Torront\u00e9s 93% &#8211; Sauvignon Blanc 7% Vi\u00f1edo: Valle de Cafayate, Salta Elaboraci\u00f3n: Fermentaci\u00f3n en tanque de acero inoxidable con levaduras seleccionadas. Sin fermentaci\u00f3n malol\u00e1ctica. Crianza en madera: No Cosecha 2022 &#8211; 1940&hellip;<\/p>\n","protected":false},"featured_media":1322,"comment_status":"open","ping_status":"closed","template":"","meta":[],"product_brand":[117,118],"product_cat":[61,70],"product_tag":[],"class_list":{"0":"post-1321","1":"product","2":"type-product","3":"status-publish","4":"has-post-thumbnail","6":"product_brand-domingo-molina","7":"product_brand-yeta","8":"product_cat-vino-blanco","9":"product_cat-vino-blanco-joven","10":"product_shipping_class-a-coordinar-con-cliente","12":"first","13":"instock","14":"purchasable","15":"product-type-simple"},"_links":{"self":[{"href":"https:\/\/bacaratds.com.ar\/cosechatardia\/wp-json\/wp\/v2\/product\/1321","targetHints":{"allow":["GET"]}}],"collection":[{"href":"https:\/\/bacaratds.com.ar\/cosechatardia\/wp-json\/wp\/v2\/product"}],"about":[{"href":"https:\/\/bacaratds.com.ar\/cosechatardia\/wp-json\/wp\/v2\/types\/product"}],"replies":[{"embeddable":true,"href":"https:\/\/bacaratds.com.ar\/cosechatardia\/wp-json\/wp\/v2\/comments?post=1321"}],"wp:featuredmedia":[{"embeddable":true,"href":"https:\/\/bacaratds.com.ar\/cosechatardia\/wp-json\/wp\/v2\/media\/1322"}],"wp:attachment":[{"href":"https:\/\/bacaratds.com.ar\/cosechatardia\/wp-json\/wp\/v2\/media?parent=1321"}],"wp:term":[{"taxonomy":"product_brand","embeddable":true,"href":"https:\/\/bacaratds.com.ar\/cosechatardia\/wp-json\/wp\/v2\/product_brand?post=1321"},{"taxonomy":"product_cat","embeddable":true,"href":"https:\/\/bacaratds.com.ar\/cosechatardia\/wp-json\/wp\/v2\/product_cat?post=1321"},{"taxonomy":"product_tag","embeddable":true,"href":"https:\/\/bacaratds.com.ar\/cosechatardia\/wp-json\/wp\/v2\/product_tag?post=1321"}],"curies":[{"name":"wp","href":"https:\/\/api.w.org\/{rel}","templated":true}]}}