{"id":1278,"date":"2025-02-24T19:32:22","date_gmt":"2025-02-24T19:32:22","guid":{"rendered":"https:\/\/bacaratds.com.ar\/cosechatardia\/?post_type=product&#038;p=1278"},"modified":"2025-09-05T22:46:31","modified_gmt":"2025-09-05T22:46:31","slug":"malbec-el-enemigo","status":"publish","type":"product","link":"https:\/\/bacaratds.com.ar\/cosechatardia\/producto\/malbec-el-enemigo\/","title":{"rendered":"Malbec El Enemigo"},"content":{"rendered":"<p>Composici\u00f3n varietal: 89% malbec 11% petit verdot<\/p>\n<p><span>Vi\u00f1edo: <\/span><span>Gualtallary, Tupungato, 1470 msnm<\/span><\/p>\n<p><span>Tipo de suelo: Suelo <\/span><span>profundo-calc\u00e1reo y rocoso.<\/span><\/p>\n<p><span>Vinificaci\u00f3n: <\/span><span>Levaduras salvajes, temperatura m\u00e1xima 29\u00b0C durante 20 d\u00edas, con 30 d\u00edas de maceraci\u00f3n.<\/span><\/p>\n<p><span>Crianza de <\/span><span>14 meses en barricas de roble franc\u00e9s.<\/span><\/p>\n<p><span>Alcohol: 13,5% vol<\/span><br \/>\n<span>Acidez \/ pH: 6,1 \/ 3,02<\/span><br \/>\n<span>En\u00f3logo: Alejandro Vigil<\/span><\/p>\n<p>En vista un rojo rub\u00ed de alta intensidad y destellos viol\u00e1ceos.<\/p>\n<p>En nariz mucha madera. En boca, algo dulce y carnoso de muy buen equilibrio y acidez con taninos muy marcados.<\/p>\n<p>&nbsp;<\/p>\n","protected":false},"excerpt":{"rendered":"<p>Composici\u00f3n varietal: 89% malbec 11% petit verdot Vi\u00f1edo: Gualtallary, Tupungato, 1470 msnm Tipo de suelo: Suelo profundo-calc\u00e1reo y rocoso. Vinificaci\u00f3n: Levaduras salvajes, temperatura m\u00e1xima 29\u00b0C durante 20 d\u00edas, con 30 d\u00edas de maceraci\u00f3n. Crianza de 14 meses en barricas de roble franc\u00e9s. Alcohol: 13,5% vol Acidez \/ pH: 6,1 \/ 3,02 En\u00f3logo: Alejandro Vigil En&hellip;<\/p>\n","protected":false},"featured_media":1279,"comment_status":"open","ping_status":"closed","template":"","meta":[],"product_brand":[115,116],"product_cat":[57,62],"product_tag":[],"class_list":{"0":"post-1278","1":"product","2":"type-product","3":"status-publish","4":"has-post-thumbnail","6":"product_brand-bodega-aleanna","7":"product_brand-el-enemigo","8":"product_cat-vino-reserva","9":"product_cat-vino-tinto","10":"product_shipping_class-a-coordinar-con-cliente","12":"first","13":"instock","14":"purchasable","15":"product-type-simple"},"_links":{"self":[{"href":"https:\/\/bacaratds.com.ar\/cosechatardia\/wp-json\/wp\/v2\/product\/1278","targetHints":{"allow":["GET"]}}],"collection":[{"href":"https:\/\/bacaratds.com.ar\/cosechatardia\/wp-json\/wp\/v2\/product"}],"about":[{"href":"https:\/\/bacaratds.com.ar\/cosechatardia\/wp-json\/wp\/v2\/types\/product"}],"replies":[{"embeddable":true,"href":"https:\/\/bacaratds.com.ar\/cosechatardia\/wp-json\/wp\/v2\/comments?post=1278"}],"wp:featuredmedia":[{"embeddable":true,"href":"https:\/\/bacaratds.com.ar\/cosechatardia\/wp-json\/wp\/v2\/media\/1279"}],"wp:attachment":[{"href":"https:\/\/bacaratds.com.ar\/cosechatardia\/wp-json\/wp\/v2\/media?parent=1278"}],"wp:term":[{"taxonomy":"product_brand","embeddable":true,"href":"https:\/\/bacaratds.com.ar\/cosechatardia\/wp-json\/wp\/v2\/product_brand?post=1278"},{"taxonomy":"product_cat","embeddable":true,"href":"https:\/\/bacaratds.com.ar\/cosechatardia\/wp-json\/wp\/v2\/product_cat?post=1278"},{"taxonomy":"product_tag","embeddable":true,"href":"https:\/\/bacaratds.com.ar\/cosechatardia\/wp-json\/wp\/v2\/product_tag?post=1278"}],"curies":[{"name":"wp","href":"https:\/\/api.w.org\/{rel}","templated":true}]}}