{"id":1272,"date":"2025-02-24T18:28:56","date_gmt":"2025-02-24T18:28:56","guid":{"rendered":"https:\/\/bacaratds.com.ar\/cosechatardia\/?post_type=product&#038;p=1272"},"modified":"2025-09-05T22:47:28","modified_gmt":"2025-09-05T22:47:28","slug":"pinot-noir-pinot-noir-dv-catena","status":"publish","type":"product","link":"https:\/\/bacaratds.com.ar\/cosechatardia\/producto\/pinot-noir-pinot-noir-dv-catena\/","title":{"rendered":"Pinot Noir &#8211; Pinot Noir DV Catena"},"content":{"rendered":"<h3>DESCRIPCI\u00d3N<\/h3>\n<p class=\"last\">D.V. Catena Pinot Noir es un vino elegante y complejo, color rojo teja con matices ladrillo. Su aroma es delicado; remite a confituras rojas, cerezas, ciruelas y cuero, con ligeras notas de vainilla y caf\u00e9. En boca, de impacto dulce y gran complejidad, es un vino suave y sedoso, con taninos maduros que le otorgan una gran armon\u00eda final.<\/p>\n<h3>FICHA T\u00c9CNICA<\/h3>\n<ul class=\"last\">\n<li><strong>Varietal:\u00a0<\/strong>100% Pinot Noir<\/li>\n<li><strong>Fermentaci\u00f3n:<\/strong>\u00a0Levaduras seleccionadas. M\u00e1x .Temp. de ferm. 25\u00ba C, durante 7 d\u00edas, descube en caliente y fin de fermentaci\u00f3n alcoh\u00f3lica en barricas.<\/li>\n<li><strong>A\u00f1ejamiento:<\/strong>\u00a012 meses en 85% roble franc\u00e9s y 15% roble americano.<\/li>\n<li><strong>Vi\u00f1edos:<\/strong>\u00a0\u201cDomingo\u201d, Villa Bast\u00edas, Tupungato, 1.120 msnm \u201cAdrianna\u201d, Gualtallary, Tupungato, 1.480 msnm<\/li>\n<\/ul>\n","protected":false},"excerpt":{"rendered":"<p>DESCRIPCI\u00d3N D.V. Catena Pinot Noir es un vino elegante y complejo, color rojo teja con matices ladrillo. Su aroma es delicado; remite a confituras rojas, cerezas, ciruelas y cuero, con ligeras notas de vainilla y caf\u00e9. En boca, de impacto dulce y gran complejidad, es un vino suave y sedoso, con taninos maduros que le&hellip;<\/p>\n","protected":false},"featured_media":1273,"comment_status":"open","ping_status":"closed","template":"","meta":[],"product_brand":[112,113],"product_cat":[57,62],"product_tag":[],"class_list":{"0":"post-1272","1":"product","2":"type-product","3":"status-publish","4":"has-post-thumbnail","6":"product_brand-catena-zapata","7":"product_brand-dv-catena","8":"product_cat-vino-reserva","9":"product_cat-vino-tinto","10":"product_shipping_class-a-coordinar-con-cliente","12":"first","13":"instock","14":"purchasable","15":"product-type-simple"},"_links":{"self":[{"href":"https:\/\/bacaratds.com.ar\/cosechatardia\/wp-json\/wp\/v2\/product\/1272","targetHints":{"allow":["GET"]}}],"collection":[{"href":"https:\/\/bacaratds.com.ar\/cosechatardia\/wp-json\/wp\/v2\/product"}],"about":[{"href":"https:\/\/bacaratds.com.ar\/cosechatardia\/wp-json\/wp\/v2\/types\/product"}],"replies":[{"embeddable":true,"href":"https:\/\/bacaratds.com.ar\/cosechatardia\/wp-json\/wp\/v2\/comments?post=1272"}],"wp:featuredmedia":[{"embeddable":true,"href":"https:\/\/bacaratds.com.ar\/cosechatardia\/wp-json\/wp\/v2\/media\/1273"}],"wp:attachment":[{"href":"https:\/\/bacaratds.com.ar\/cosechatardia\/wp-json\/wp\/v2\/media?parent=1272"}],"wp:term":[{"taxonomy":"product_brand","embeddable":true,"href":"https:\/\/bacaratds.com.ar\/cosechatardia\/wp-json\/wp\/v2\/product_brand?post=1272"},{"taxonomy":"product_cat","embeddable":true,"href":"https:\/\/bacaratds.com.ar\/cosechatardia\/wp-json\/wp\/v2\/product_cat?post=1272"},{"taxonomy":"product_tag","embeddable":true,"href":"https:\/\/bacaratds.com.ar\/cosechatardia\/wp-json\/wp\/v2\/product_tag?post=1272"}],"curies":[{"name":"wp","href":"https:\/\/api.w.org\/{rel}","templated":true}]}}