{"id":1129,"date":"2025-02-17T22:25:54","date_gmt":"2025-02-17T22:25:54","guid":{"rendered":"https:\/\/bacaratds.com.ar\/cosechatardia\/?post_type=product&#038;p=1129"},"modified":"2026-02-12T22:41:00","modified_gmt":"2026-02-12T22:41:00","slug":"torrontes-hermanos-bodega-domingo-molina","status":"publish","type":"product","link":"https:\/\/bacaratds.com.ar\/cosechatardia\/producto\/torrontes-hermanos-bodega-domingo-molina\/","title":{"rendered":"Torront\u00e9s Hermanos bodega Domingo Molina"},"content":{"rendered":"<p>Zona de Producci\u00f3n: Valle de Cafayate, Salta, Argentina<br \/>\nAltitud: 1.700 metros sobre el nivel del mar<br \/>\nSuelo: Franco arenoso<br \/>\nTipo de riego: tradicional por melgas<br \/>\nSistema de conducci\u00f3n: Parral<br \/>\nPoda: guyot con cargadores y pitones. Poda en verde para lograr una correcta maduraci\u00f3n, concentraci\u00f3n de aromas y sanidad.<br \/>\nDensidad de Plantas: 2.000 plantas por ha.<br \/>\nRendimiento: 190 qq\/ha.<br \/>\nMomento de cosecha: mediados de marzo<\/p>\n<hr \/>\n<p>Cosecha: manual<br \/>\nFermentaci\u00f3n: en tanques de acero inoxidable con levaduras seleccionadas<br \/>\nMaceraci\u00f3n: 5 horas a 6\u00b0C en prensa neum\u00e1tica.<br \/>\nTiempo de fermentaci\u00f3n: 18 d\u00edas<br \/>\nTemperatura de fermentaci\u00f3n: 12 \u2013 14 \u00baC<br \/>\nFermentaci\u00f3n malol\u00e1ctica: no<br \/>\nProducci\u00f3n anual: 40.000 botellas<br \/>\nComposici\u00f3n varietal: 100 % Torront\u00e9s<\/p>\n","protected":false},"excerpt":{"rendered":"<p>Zona de Producci\u00f3n: Valle de Cafayate, Salta, Argentina Altitud: 1.700 metros sobre el nivel del mar Suelo: Franco arenoso Tipo de riego: tradicional por melgas Sistema de conducci\u00f3n: Parral Poda: guyot con cargadores y pitones. Poda en verde para lograr una correcta maduraci\u00f3n, concentraci\u00f3n de aromas y sanidad. Densidad de Plantas: 2.000 plantas por ha.&hellip;<\/p>\n","protected":false},"featured_media":1130,"comment_status":"open","ping_status":"closed","template":"","meta":[],"product_brand":[117,119],"product_cat":[61,70],"product_tag":[],"class_list":{"0":"post-1129","1":"product","2":"type-product","3":"status-publish","4":"has-post-thumbnail","6":"product_brand-domingo-molina","7":"product_brand-hermanos","8":"product_cat-vino-blanco","9":"product_cat-vino-blanco-joven","10":"product_shipping_class-a-coordinar-con-cliente","12":"first","13":"instock","14":"purchasable","15":"product-type-simple"},"_links":{"self":[{"href":"https:\/\/bacaratds.com.ar\/cosechatardia\/wp-json\/wp\/v2\/product\/1129","targetHints":{"allow":["GET"]}}],"collection":[{"href":"https:\/\/bacaratds.com.ar\/cosechatardia\/wp-json\/wp\/v2\/product"}],"about":[{"href":"https:\/\/bacaratds.com.ar\/cosechatardia\/wp-json\/wp\/v2\/types\/product"}],"replies":[{"embeddable":true,"href":"https:\/\/bacaratds.com.ar\/cosechatardia\/wp-json\/wp\/v2\/comments?post=1129"}],"wp:featuredmedia":[{"embeddable":true,"href":"https:\/\/bacaratds.com.ar\/cosechatardia\/wp-json\/wp\/v2\/media\/1130"}],"wp:attachment":[{"href":"https:\/\/bacaratds.com.ar\/cosechatardia\/wp-json\/wp\/v2\/media?parent=1129"}],"wp:term":[{"taxonomy":"product_brand","embeddable":true,"href":"https:\/\/bacaratds.com.ar\/cosechatardia\/wp-json\/wp\/v2\/product_brand?post=1129"},{"taxonomy":"product_cat","embeddable":true,"href":"https:\/\/bacaratds.com.ar\/cosechatardia\/wp-json\/wp\/v2\/product_cat?post=1129"},{"taxonomy":"product_tag","embeddable":true,"href":"https:\/\/bacaratds.com.ar\/cosechatardia\/wp-json\/wp\/v2\/product_tag?post=1129"}],"curies":[{"name":"wp","href":"https:\/\/api.w.org\/{rel}","templated":true}]}}