{"id":1096,"date":"2025-02-17T19:24:02","date_gmt":"2025-02-17T19:24:02","guid":{"rendered":"https:\/\/bacaratds.com.ar\/cosechatardia\/?post_type=product&#038;p=1096"},"modified":"2026-02-20T19:22:58","modified_gmt":"2026-02-20T19:22:58","slug":"syrah-aya-bodega-borbore","status":"publish","type":"product","link":"https:\/\/bacaratds.com.ar\/cosechatardia\/producto\/syrah-aya-bodega-borbore\/","title":{"rendered":"Syrah Aya Bodega B\u00f3rbore"},"content":{"rendered":"<p>Origen: SAN JUAN &#8211; ARGENTINA<br \/>\nVarietal: 100% SYRAH<br \/>\nVi\u00f1edos: Selecci\u00f3n de los mejores vi\u00f1edos de la<br \/>\nprovincia de San Juan, ubicados en Valle de<br \/>\nPedernal (1.200 metros sobre nivel del mar),<br \/>\nValle de Zonda (900 msnm) y San Mart\u00edn en el<br \/>\nValle de Tulum (700 msnm).<\/p>\n<p>Conservaci\u00f3n y crianza:<br \/>\nRealizaci\u00f3n de fermentaci\u00f3n malol\u00e1ctica en<br \/>\ncontacto con roble franc\u00e9s de 1\u00ba uso.<br \/>\nCrianza: Sobre madera de roble franc\u00e9s y<br \/>\namericano durante 8 meses. Decantaci\u00f3n,<br \/>\nlimpieza y estabilizaci\u00f3n natural. Fraccionamiento:<br \/>\npuesto en botella y crianza en cavas<br \/>\ndurante 8 meses antes de estar en condiciones<br \/>\nde salir al mercado.<br \/>\nNotas de Cata: Color rojo rub\u00ed con tintes<br \/>\nvioletas. Aromas que recuerdan a moras,<br \/>\nconfituras y especias, en equilibrio con la<br \/>\nvainilla y el humo aportados por la madera.<br \/>\nEn boca vuelven aparecer las sensaciones<br \/>\npercibidas en nariz, junto con un excelente<br \/>\ncuerpo, con taninos persistentes y robustos<br \/>\nque aportan un final de boca largo.<br \/>\nTiempo de guarda: entre 3 a 5 a\u00f1os.<br \/>\nMaridaje: Acompa\u00f1a muy bien pastas con<br \/>\nsalsas de hongos y carnes t\u00edpicas como el<br \/>\nchivo y el cordero.<\/p>\n","protected":false},"excerpt":{"rendered":"<p>Origen: SAN JUAN &#8211; ARGENTINA Varietal: 100% SYRAH Vi\u00f1edos: Selecci\u00f3n de los mejores vi\u00f1edos de la provincia de San Juan, ubicados en Valle de Pedernal (1.200 metros sobre nivel del mar), Valle de Zonda (900 msnm) y San Mart\u00edn en el Valle de Tulum (700 msnm). Conservaci\u00f3n y crianza: Realizaci\u00f3n de fermentaci\u00f3n malol\u00e1ctica en contacto&hellip;<\/p>\n","protected":false},"featured_media":1097,"comment_status":"open","ping_status":"closed","template":"","meta":[],"product_brand":[138,135],"product_cat":[67,62],"product_tag":[],"class_list":{"0":"post-1096","1":"product","2":"type-product","3":"status-publish","4":"has-post-thumbnail","6":"product_brand-aya","7":"product_brand-bodega-borbore","8":"product_cat-vino-premium-vino-tinto","9":"product_cat-vino-tinto","10":"product_shipping_class-a-coordinar-con-cliente","12":"first","13":"instock","14":"purchasable","15":"product-type-simple"},"_links":{"self":[{"href":"https:\/\/bacaratds.com.ar\/cosechatardia\/wp-json\/wp\/v2\/product\/1096","targetHints":{"allow":["GET"]}}],"collection":[{"href":"https:\/\/bacaratds.com.ar\/cosechatardia\/wp-json\/wp\/v2\/product"}],"about":[{"href":"https:\/\/bacaratds.com.ar\/cosechatardia\/wp-json\/wp\/v2\/types\/product"}],"replies":[{"embeddable":true,"href":"https:\/\/bacaratds.com.ar\/cosechatardia\/wp-json\/wp\/v2\/comments?post=1096"}],"wp:featuredmedia":[{"embeddable":true,"href":"https:\/\/bacaratds.com.ar\/cosechatardia\/wp-json\/wp\/v2\/media\/1097"}],"wp:attachment":[{"href":"https:\/\/bacaratds.com.ar\/cosechatardia\/wp-json\/wp\/v2\/media?parent=1096"}],"wp:term":[{"taxonomy":"product_brand","embeddable":true,"href":"https:\/\/bacaratds.com.ar\/cosechatardia\/wp-json\/wp\/v2\/product_brand?post=1096"},{"taxonomy":"product_cat","embeddable":true,"href":"https:\/\/bacaratds.com.ar\/cosechatardia\/wp-json\/wp\/v2\/product_cat?post=1096"},{"taxonomy":"product_tag","embeddable":true,"href":"https:\/\/bacaratds.com.ar\/cosechatardia\/wp-json\/wp\/v2\/product_tag?post=1096"}],"curies":[{"name":"wp","href":"https:\/\/api.w.org\/{rel}","templated":true}]}}