{"id":1088,"date":"2025-02-17T18:29:12","date_gmt":"2025-02-17T18:29:12","guid":{"rendered":"https:\/\/bacaratds.com.ar\/cosechatardia\/?post_type=product&#038;p=1088"},"modified":"2025-09-06T00:43:29","modified_gmt":"2025-09-06T00:43:29","slug":"malbec-avanti-bodega-borbore","status":"publish","type":"product","link":"https:\/\/bacaratds.com.ar\/cosechatardia\/producto\/malbec-avanti-bodega-borbore\/","title":{"rendered":"Malbec Avanti Bodega B\u00f3rbore"},"content":{"rendered":"<p>Origen: SAN JUAN &#8211; ARGENTINA<br \/>\nVarietal: 100% MALBEC<br \/>\nVi\u00f1edos: 18 hect\u00e1reas situadas en Ca\u00f1ada<br \/>\nHonda en el extremo oeste del Valle de Tulum.<br \/>\nSistema de conducci\u00f3n en espaldero, riego por<br \/>\ngoteo. Suelos francos, altura 680 msnm.<br \/>\nCrianza: En tanques de acero inoxidable a<br \/>\ntemperatura controlada. Fermentaci\u00f3n malo<br \/>\nl\u00e1ctica natural en contacto con roble franc\u00e9s y<br \/>\namericano durante 60 d\u00edas. Estacionado en<br \/>\nbotella durante 3 meses a temperatura y<br \/>\nhumedad controladas, en cavas subterr\u00e1neas.<br \/>\nNotas de Cata: De color intenso, con<br \/>\ntonalidades violetas. Con aromas a ciruelas<br \/>\nnegras maduras y a frutos silvestres. En<br \/>\nboca logra un excelente equilibrio entre sus<br \/>\nsuaves taninos y la frescura frutal.<br \/>\nMaridaje: Ideal para acompa\u00f1ar carnes<br \/>\nrojas a la parrilla. Se recomiendo servir<br \/>\nentre 16 y 18\u00b0 C.<\/p>\n","protected":false},"excerpt":{"rendered":"<p>Origen: SAN JUAN &#8211; ARGENTINA Varietal: 100% MALBEC Vi\u00f1edos: 18 hect\u00e1reas situadas en Ca\u00f1ada Honda en el extremo oeste del Valle de Tulum. Sistema de conducci\u00f3n en espaldero, riego por goteo. Suelos francos, altura 680 msnm. Crianza: En tanques de acero inoxidable a temperatura controlada. Fermentaci\u00f3n malo l\u00e1ctica natural en contacto con roble franc\u00e9s y&hellip;<\/p>\n","protected":false},"featured_media":1089,"comment_status":"open","ping_status":"closed","template":"","meta":[],"product_brand":[137,135],"product_cat":[65,62],"product_tag":[],"class_list":{"0":"post-1088","1":"product","2":"type-product","3":"status-publish","4":"has-post-thumbnail","6":"product_brand-avanti","7":"product_brand-bodega-borbore","8":"product_cat-vino-joven-con-paso-x-barricas","9":"product_cat-vino-tinto","10":"product_shipping_class-a-coordinar-con-cliente","12":"first","13":"instock","14":"purchasable","15":"product-type-simple"},"_links":{"self":[{"href":"https:\/\/bacaratds.com.ar\/cosechatardia\/wp-json\/wp\/v2\/product\/1088","targetHints":{"allow":["GET"]}}],"collection":[{"href":"https:\/\/bacaratds.com.ar\/cosechatardia\/wp-json\/wp\/v2\/product"}],"about":[{"href":"https:\/\/bacaratds.com.ar\/cosechatardia\/wp-json\/wp\/v2\/types\/product"}],"replies":[{"embeddable":true,"href":"https:\/\/bacaratds.com.ar\/cosechatardia\/wp-json\/wp\/v2\/comments?post=1088"}],"wp:featuredmedia":[{"embeddable":true,"href":"https:\/\/bacaratds.com.ar\/cosechatardia\/wp-json\/wp\/v2\/media\/1089"}],"wp:attachment":[{"href":"https:\/\/bacaratds.com.ar\/cosechatardia\/wp-json\/wp\/v2\/media?parent=1088"}],"wp:term":[{"taxonomy":"product_brand","embeddable":true,"href":"https:\/\/bacaratds.com.ar\/cosechatardia\/wp-json\/wp\/v2\/product_brand?post=1088"},{"taxonomy":"product_cat","embeddable":true,"href":"https:\/\/bacaratds.com.ar\/cosechatardia\/wp-json\/wp\/v2\/product_cat?post=1088"},{"taxonomy":"product_tag","embeddable":true,"href":"https:\/\/bacaratds.com.ar\/cosechatardia\/wp-json\/wp\/v2\/product_tag?post=1088"}],"curies":[{"name":"wp","href":"https:\/\/api.w.org\/{rel}","templated":true}]}}